{"id":309,"date":"2025-03-23T22:21:35","date_gmt":"2025-03-23T22:21:35","guid":{"rendered":"https:\/\/horizon-ne.ch\/?page_id=309"},"modified":"2025-06-11T08:11:04","modified_gmt":"2025-06-11T08:11:04","slug":"agenda","status":"publish","type":"page","link":"https:\/\/horizon-ne.ch\/?page_id=309","title":{"rendered":"Agenda"},"content":{"rendered":"\n<p>une page o\u00f9 vous pouvez trouver des affiches d&rsquo;\u00e9v\u00e9nements<\/p>\n\n\n\n<figure class=\"wp-block-image size-large is-resized\"><img loading=\"lazy\" decoding=\"async\" width=\"736\" height=\"1024\" src=\"https:\/\/horizon-ne.ch\/wp-content\/uploads\/2025\/06\/3E01DC22-F3D4-4B5B-A1FE-FBEA2CF55F2E-1-736x1024.jpeg\" alt=\"\" class=\"wp-image-363\" style=\"width:840px;height:auto\" srcset=\"https:\/\/horizon-ne.ch\/wp-content\/uploads\/2025\/06\/3E01DC22-F3D4-4B5B-A1FE-FBEA2CF55F2E-1-736x1024.jpeg 736w, https:\/\/horizon-ne.ch\/wp-content\/uploads\/2025\/06\/3E01DC22-F3D4-4B5B-A1FE-FBEA2CF55F2E-1-216x300.jpeg 216w, https:\/\/horizon-ne.ch\/wp-content\/uploads\/2025\/06\/3E01DC22-F3D4-4B5B-A1FE-FBEA2CF55F2E-1-768x1069.jpeg 768w, https:\/\/horizon-ne.ch\/wp-content\/uploads\/2025\/06\/3E01DC22-F3D4-4B5B-A1FE-FBEA2CF55F2E-1-1104x1536.jpeg 1104w, https:\/\/horizon-ne.ch\/wp-content\/uploads\/2025\/06\/3E01DC22-F3D4-4B5B-A1FE-FBEA2CF55F2E-1-1472x2048.jpeg 1472w, https:\/\/horizon-ne.ch\/wp-content\/uploads\/2025\/06\/3E01DC22-F3D4-4B5B-A1FE-FBEA2CF55F2E-1-scaled.jpeg 1840w\" sizes=\"auto, (max-width: 736px) 100vw, 736px\" \/><\/figure>\n\n\n<div class=\"wp-block-image\">\n<figure class=\"aligncenter size-large is-resized\"><img loading=\"lazy\" decoding=\"async\" width=\"724\" height=\"1024\" src=\"https:\/\/horizon-ne.ch\/wp-content\/uploads\/2025\/04\/atelier-de-conception-2-724x1024.png\" alt=\"\" class=\"wp-image-320\" style=\"width:840px;height:auto\" srcset=\"https:\/\/horizon-ne.ch\/wp-content\/uploads\/2025\/04\/atelier-de-conception-2-724x1024.png 724w, https:\/\/horizon-ne.ch\/wp-content\/uploads\/2025\/04\/atelier-de-conception-2-212x300.png 212w, https:\/\/horizon-ne.ch\/wp-content\/uploads\/2025\/04\/atelier-de-conception-2-768x1086.png 768w, https:\/\/horizon-ne.ch\/wp-content\/uploads\/2025\/04\/atelier-de-conception-2-1086x1536.png 1086w, https:\/\/horizon-ne.ch\/wp-content\/uploads\/2025\/04\/atelier-de-conception-2-1448x2048.png 1448w, https:\/\/horizon-ne.ch\/wp-content\/uploads\/2025\/04\/atelier-de-conception-2.png 1587w\" sizes=\"auto, (max-width: 724px) 100vw, 724px\" \/><\/figure>\n<\/div>\n\n<div class=\"wp-block-image\">\n<figure class=\"aligncenter size-large is-resized\"><img loading=\"lazy\" decoding=\"async\" width=\"724\" height=\"1024\" src=\"https:\/\/horizon-ne.ch\/wp-content\/uploads\/2025\/05\/27.10.2024-724x1024.png\" alt=\"\" class=\"wp-image-332\" style=\"width:840px;height:auto\" srcset=\"https:\/\/horizon-ne.ch\/wp-content\/uploads\/2025\/05\/27.10.2024-724x1024.png 724w, https:\/\/horizon-ne.ch\/wp-content\/uploads\/2025\/05\/27.10.2024-212x300.png 212w, https:\/\/horizon-ne.ch\/wp-content\/uploads\/2025\/05\/27.10.2024-768x1086.png 768w, https:\/\/horizon-ne.ch\/wp-content\/uploads\/2025\/05\/27.10.2024-1086x1536.png 1086w, https:\/\/horizon-ne.ch\/wp-content\/uploads\/2025\/05\/27.10.2024-1448x2048.png 1448w, https:\/\/horizon-ne.ch\/wp-content\/uploads\/2025\/05\/27.10.2024.png 1587w\" sizes=\"auto, (max-width: 724px) 100vw, 724px\" \/><\/figure>\n<\/div>\n\n\n<div id=\"wp-block-themeisle-blocks-slider-061d900a\" class=\"wp-block-themeisle-blocks-slider glide\" data-per-view=\"1\" data-gap=\"0\" data-peek=\"0\" data-autoplay=\"true\" data-height=\"400px\" data-hide-arrows=\"false\"><div class=\"glide__track\" data-glide-el=\"track\"><div class=\"glide__slides\"><\/div><div class=\"glide__bullets\" data-glide-el=\"controls[nav]\"><\/div><\/div><\/div>\n","protected":false},"excerpt":{"rendered":"<p>une page o\u00f9 vous pouvez trouver des affiches d&rsquo;\u00e9v\u00e9nements<\/p>\n","protected":false},"author":2,"featured_media":313,"parent":0,"menu_order":0,"comment_status":"closed","ping_status":"closed","template":"","meta":{"_themeisle_gutenberg_block_has_review":false,"footnotes":""},"class_list":["post-309","page","type-page","status-publish","has-post-thumbnail","hentry"],"_links":{"self":[{"href":"https:\/\/horizon-ne.ch\/index.php?rest_route=\/wp\/v2\/pages\/309","targetHints":{"allow":["GET"]}}],"collection":[{"href":"https:\/\/horizon-ne.ch\/index.php?rest_route=\/wp\/v2\/pages"}],"about":[{"href":"https:\/\/horizon-ne.ch\/index.php?rest_route=\/wp\/v2\/types\/page"}],"author":[{"embeddable":true,"href":"https:\/\/horizon-ne.ch\/index.php?rest_route=\/wp\/v2\/users\/2"}],"replies":[{"embeddable":true,"href":"https:\/\/horizon-ne.ch\/index.php?rest_route=%2Fwp%2Fv2%2Fcomments&post=309"}],"version-history":[{"count":12,"href":"https:\/\/horizon-ne.ch\/index.php?rest_route=\/wp\/v2\/pages\/309\/revisions"}],"predecessor-version":[{"id":364,"href":"https:\/\/horizon-ne.ch\/index.php?rest_route=\/wp\/v2\/pages\/309\/revisions\/364"}],"wp:featuredmedia":[{"embeddable":true,"href":"https:\/\/horizon-ne.ch\/index.php?rest_route=\/wp\/v2\/media\/313"}],"wp:attachment":[{"href":"https:\/\/horizon-ne.ch\/index.php?rest_route=%2Fwp%2Fv2%2Fmedia&parent=309"}],"curies":[{"name":"wp","href":"https:\/\/api.w.org\/{rel}","templated":true}]}}